actors of z.
5, 3137
Let z(f) = -39*f - 221. Let p be 5 + (-132)/24 - 29/2. List the prime factors of z(p).
2, 7, 13
Let r(x) = x**3 - 28*x**2 + 602. List the prime factors of r(40).
2, 9901
Let a(f) = -18*f - 6*f + 115 - 5*f + f - 4. What are the prime factors of a(-6)?
3, 31
List the prime factors of 909848/26 - (-374)/(-2431).
2, 17497
Suppose -o + 24055 = -5*w, 2*o + 7*w - 11*w = 48062. What are the prime factors of o?
3, 5, 1601
Suppose -x = 4*u - 9283, -579*x - 18533 = -581*x + 3*u. List the prime factors of x.
73, 127
Let k(w) = w**2 + 16*w + 52. Let f be k(-3). List the prime factors of (-21052)/(-52) + 8 - (-2)/f.
7, 59
Let n(g) = 100*g**2 - 8*g + 1. Let y be n(-3). Let s = 1844 - y. List the prime factors of s.
919
Suppose -3*j - 8*p = -12*p - 31, -5*j = -2*p - 33. Let t(m) = -17*m - 22. Let u(r) = 8*r + 11. Let b(h) = 2*t(h) + 5*u(h). List the prime factors of b(j).
41
Let x(h) = -h**3 - 7*h**2 - 15*h - 27. Let c be (-3 - -4)/((-16)/208). What are the prime factors of x(c)?
2, 3, 197
Let p(z) = 3*z**3 - 27*z**2 - 34*z + 24. Let r be p(15). Suppose -29*d + r = -20*d. List the prime factors of d.
2, 3, 11
Let f(p) = -p**2 + 12*p - 11. Let l be f(11). Suppose l*q + 8 = s + 3*q, 15 = 4*s - 5*q. Suppose 0 = r + s*r - 462. What are the prime factors of r?
7, 11
Let a(r) = -4*r**2 - 2*r + 52. Let b be a(0). Let p = b + 536. List the prime factors of p.
2, 3, 7
Let q(n) = 2*n + 3. Let l be (-1)/(-2)*(-1 - -1). Let o be q(l). Suppose -4*k + 10 = v, v - 14 = o*k - 5*k. List the prime factors of v.
2, 3
What are the prime factors of (1/(-3)*34)/(52/78)*-845?
5, 13, 17
Suppose 0 = -y - 3*p + 295 + 15087, 4*y - 5*p = 61443. What are the prime factors of y?
11, 127
Suppose 12*x - 16408 = -1648. List the prime factors of x.
2, 3, 5, 41
Suppose 84098 = 5*t - 2*q, -28308 + 112410 = 5*t - 3*q. What are the prime factors of t?
2, 3, 2803
Let n = 30933 + 10837. What are the prime factors of n?
2, 5, 4177
Suppose 0 = -7*i + 15518 + 1184. Suppose -10*w + i = -1304. What are the prime factors of w?
3, 41
Let q(n) = 1765*n**2 - 442*n + 1322. What are the prime factors of q(3)?
15881
Let n = -554 + 547. What are the prime factors of 15180/25 - 5*n/(-175)?
607
Let d be (5 + 67 + 2)*4*3. Let x = -519 + d. What are the prime factors of x?
3, 41
Suppose 11*o + 7*o - 189540 = -0*o. List the prime factors of o.
2, 3, 5, 13
Let q(h) = -194*h - 7. Let x be q(-2). Let l = x + -220. Suppose -j + l = b, 2*b = 4*j - b - 672. What are the prime factors of j?
3, 5, 11
What are the prime factors of 26589*(-1 + -16 + 18)?
3, 8863
Suppose y = c - 16448, -5*y - 15339 + 48200 = 2*c. What are the prime factors of c?
3, 7, 29
Let h = -66976 + 94114. What are the prime factors of h?
2, 3, 4523
Suppose 6*u - 9820 = 4*u - 2*z, 5*z = -3*u + 14722. List the prime factors of u.
2, 3, 7, 13
Let s = 4310 + -4301. Let t(o) = o**2 + 4*o - 8. Let q be t(6). Let w = s + q. List the prime factors of w.
61
Suppose 5*o + 16823 = 81673. List the prime factors of o.
2, 5, 1297
Let d = 55 + -53. Suppose -3*g - 41 = -n - 4*g, d*n = 4*g + 82. Suppose 82 = f - n. What are the prime factors of f?
3, 41
Let o(q) = 181*q - 137. Suppose -12 = 3*d, 140*n = 139*n + 2*d + 18. What are the prime factors of o(n)?
7, 239
Let d = -61977 - -89807. List the prime factors of d.
2, 5, 11, 23
Let p = 120 + -110. What are the prime factors of ((-1855)/(-14))/((-4 - -9)/p)?
5, 53
Let k(q) = q**3 - q**2. Let l(t) = -2*t + 12. Let o be l(5). Let a be k(o). List the prime factors of a/(-26) + (-26358)/(-299).
2, 11
What are the prime factors of (-3)/7 - 55038/(-42)?
2, 5, 131
Let g = 46 - 38. Suppose -8*o + 304 = g*o. Suppose 24*h - 820 = o*h. List the prime factors of h.
2, 41
Let c = -118 + 113. What are the prime factors of ((-6)/c)/(63/25620)?
2, 61
Let j be (38 - -14)*74/4. Suppose i = -5*y - 0*y + 2413, -2*y - 2*i + j = 0. What are the prime factors of y?
3, 7, 23
Let w = 54 - 39. List the prime factors of (-360)/(2 - 40/w).
2, 3, 5
Let r = -44 - -48. Let a(q) = q**3 - 2*q**2 - 5*q - 7. Let c be a(r). Suppose -3*p + 78 + 110 = d, 0 = 5*p + c*d - 310. List the prime factors of p.
3, 7
Let j = 2330 + -1932. What are the prime factors of j?
2, 199
Let n be 17144/32 - 2/(-8). Suppose 0 = -10*z + 2*z + n. Let w = z - 3. What are the prime factors of w?
2
Let w(y) = -3*y**3 + 24*y**2 - y + 2. Let m be w(8). What are the prime factors of (-27)/81 + (-6458)/m?
2, 269
Suppose -35*y = -183*y + 13291356 - 882740. What are the prime factors of y?
2, 11, 37, 103
Suppose 5*t + 9*t = 70. Suppose -t = 5*j, -u + 4*j = -0*u - 25. Let r = 243 - u. What are the prime factors of r?
2, 3, 37
Let r be 10/((64/12)/(-8)). Let b be ((-21)/r - 1) + (-54)/(-15). Suppose -b*x - 406 = -3*z, 5*z - 4*x - 226 = 456. What are the prime factors of z?
2, 3, 23
Let l = 3753 + -1740. What are the prime factors of l?
3, 11, 61
Let f(r) = -r**2 + 8*r - 17. Let j be f(10). Let z = -32 - j. Suppose -3*m + 226 = z*q, 3*q - 348 = -4*m + 8*q. What are the prime factors of m?
2, 41
Let p(l) = 338*l**2 - 7*l - 782. List the prime factors of p(-13).
56431
Let h(n) = 8*n. Let a be h(-4). Let y = -27 - a. Suppose -c = -y*d - 43, 15 + 5 = -4*d. List the prime factors of c.
2, 3
Let n = -2838 + 5241. List the prime factors of n.
3, 89
List the prime factors of (-32421)/(8/(-64)*2*-14 - 5).
2, 101, 107
Suppose -2*r + 70 = -4*v, -12*v + 20 = -17*v. Let o(t) = 12*t + 321. List the prime factors of o(r).
3, 5, 43
Let d(n) = 4*n. Let q(s) = -2*s**2 - 10*s - 1. Let z be q(-4). Let g be d(z). Suppose 7*j = 84 - g. What are the prime factors of j?
2
Let l(s) = 4*s**2 - 27*s - 3. Let y be l(8). Let c = y + 89. What are the prime factors of c?
2, 3, 7
Let i be 4/((-24)/8343) - (-9)/6. List the prime factors of (i/(-12))/(36/16 + -2).
463
Let q be (5 - 10)*(-42)/35. Suppose -q*g + 2439 = -3231. What are the prime factors of g?
3, 5, 7
Suppose 2*j - 4114 = -2*l, -80*l + 77*l = 4*j - 6168. What are the prime factors of l?
2, 5, 103
Suppose -1876*r = -1845*r - 14136. List the prime factors of r.
2, 3, 19
Suppose 0 = -14*g + 225 - 309. Let a(u) be the second derivative of -u**5/20 - u**4/4 + 3*u**3/2 + 5*u**2 + u. What are the prime factors of a(g)?
2
Let y(v) = v**3 - 11*v**2 - 26*v + 21. Let f be y(13). List the prime factors of 54/(-4)*(133/f + -7).
3
Suppose -16 = -3*u - 2*v, u - 2 = v - 0*v. Suppose 13*d = 18*d - 680. Suppose 5*s - d = -y, -u*s - 4*y - y + 92 = 0. List the prime factors of s.
2, 7
Suppose -7 = 30*t - 37*t. What are the prime factors of (((-7)/21)/t)/((-1)/474)?
2, 79
Suppose -45*l - 57*l + 635256 = 0. What are the prime factors of l?
2, 3, 173
Suppose -5*v - x + 155697 = 0, -3*x - 170077 - 110144 = -9*v. List the prime factors of v.
2, 15569
What are the prime factors of 5566 - -10*(-18)/(-30)?
2, 7, 199
Let o be ((-4)/18)/(36/(-162))*664. What are the prime factors of (-3)/(-12)*(-5 + 9 + o)?
167
Let k = 61 + -56. Suppose -5*r + 6 + 9 = -k*o, -r = -2*o - 1. Suppose -3*z + 450 = -z + 3*g, -z + 218 = -o*g. List the prime factors of z.
2, 3, 37
Suppose 4*q + 0*s - 285 = 5*s, -4*q - 3*s = -277. Let l = 245 - q. Suppose -4*b + l = 11. List the prime factors of b.
41
Let v(f) = f**3 + 27*f**2 - 56*f + 61. Let a be v(-29). Let w(d) = 3*d**3 + 2*d**2 - 7*d + 13. List the prime factors of w(a).
7, 13
Let w = -854 + 5007. List the prime factors of w.
4153
Let o(v) = 1192*v**3 - 4*v**2 - 4*v + 20. What are the prime factors of o(2)?
2, 2383
Suppose h - w + 64 = 0, -3*h - 3*w + 8*w - 186 = 0. Let a = -62 - h. Suppose 104 = -4*s + a*s. What are the prime factors of s?
2, 13
Let p = 129 - 133. List the prime factors of (1 + 1555/(-15) - p)*-3.
2, 37
What are the prime factors of (77528/32)/((-10)/(-6*40))?
2, 3, 11, 881
Let z be 3/(-6) + 35/14*1. Suppose 5*m - z*q = 3*m + 2946, -2*m + 2926 = 2*q. List the prime factors of m.
2, 367
Let n(j) = -2*j**2 - 13*j - 1. Let b be 7/(-3)*(0 - -3). Let q be n(b). List the prime factors of (-49)/q + (-1)/8.
2, 3
Let p(x) = -x**2 + 21*x. Let i be p(18). Let o = i + 200. What are the prime factors of o?
2, 127
Let d = 92 - -2639. What are the prime factors of d?
2731
Suppose -m - 5*z + 10 = 0, -m - 3*m - z + 78 = 0. Suppose 3*j + 24 = -5*g, -3*g = -5*j + 2*g. What are the prime factors of (24/m)/(2/210) + j?
3, 41
Suppose -15*l 